 base 16, what is 95c - -7d6?
1132
In base 7, what is 12 - -351133?
351145
In base 14, what is -5d0 - 2a5?
-895
In base 12, what is -6 + 3bb3a?
3bb34
In base 12, what is -38 - -1459?
1421
In base 11, what is 634 - 219?
416
In base 7, what is 30666 + 63?
31062
In base 9, what is 1 - 24613?
-24612
In base 11, what is -2 + -2a1a?
-2a21
In base 13, what is 81 + 60?
111
In base 14, what is 4 - -261a7?
261ab
In base 5, what is 101131 + -310?
100321
In base 7, what is -15 - -1505155?
1505140
In base 12, what is -1 + 6736?
6735
In base 15, what is -2 - -b23d?
b23b
In base 15, what is -3e3 - 18?
-40b
In base 5, what is 0 + 122031020?
122031020
In base 16, what is -4 - -375?
371
In base 8, what is 2516 + 254?
2772
In base 6, what is 544 - -1240?
2224
In base 11, what is -51587 - -5?
-51582
In base 12, what is 1 + 14740?
14741
In base 4, what is 230 + -203?
21
In base 13, what is -5 - 6472?
-6477
In base 2, what is -10100010011001110010 - 10?
-10100010011001110100
In base 11, what is 2396 - -3?
2399
In base 7, what is 32 + 1063?
1125
In base 15, what is 432 + 5b0?
9e2
In base 7, what is -3 - -1312235?
1312232
In base 8, what is -122 + -3531?
-3653
In base 13, what is 3ba + -64?
356
In base 15, what is -49 - 91?
-da
In base 13, what is -2081c4 - 5?
-2081c9
In base 6, what is 522545 - 130?
522415
In base 16, what is 4 - 38e6d?
-38e69
In base 7, what is -101240 + -2?
-101242
In base 5, what is 20012 - -3211?
23223
In base 8, what is -7 + -200642?
-200651
In base 4, what is 1120 + -11312?
-10132
In base 15, what is -444 - 16?
-45a
In base 12, what is -5a209 - 5?
-5a212
In base 4, what is 110312030 + 3?
110312033
In base 14, what is -5 - 34d2?
-34d7
In base 5, what is -32 - 4114223?
-4114310
In base 9, what is 5 + 1208?
1214
In base 15, what is -5 - 1ded8?
-1dedd
In base 4, what is 3032 + -1323111?
-1320013
In base 3, what is -22012 - -2202?
-12110
In base 7, what is -33 - 35453?
-35516
In base 14, what is -6 - -355b?
3555
In base 12, what is -7 - 82255?
-82260
In base 14, what is 20 + 1728?
1748
In base 2, what is -11011 + 10011101000011101?
10011101000000010
In base 11, what is -23019 + -5?
-23023
In base 14, what is -803 - 2d?
-832
In base 8, what is -32 + 10026?
7774
In base 9, what is 46 + 26335?
26382
In base 15, what is -e - -677?
668
In base 15, what is -3 - 226e94?
-226e97
In base 5, what is -1403 + 12041?
10133
In base 16, what is -30 + db3?
d83
In base 8, what is 2 - -267651?
267653
In base 11, what is -109744 + 12?
-109732
In base 8, what is -3 - -17574?
17571
In base 6, what is -5 + 203?
154
In base 5, what is 410244 + -12?
410232
In base 8, what is 1014615 - -5?
1014622
In base 10, what is 16 - -18794?
18810
In base 5, what is 12220 + -1343?
10322
In base 8, what is -1537074 + -2?
-1537076
In base 10, what is -43 + 3783?
3740
In base 6, what is 2 + 13404510?
13404512
In base 5, what is -23034 + 3202?
-14332
In base 10, what is -2 + 152809?
152807
In base 7, what is 12240 + -14?
12223
In base 13, what is 4b9 - -31?
51a
In base 9, what is 21 - 4380?
-4358
In base 14, what is 9 + -20c9c?
-20c93
In base 6, what is 1 + 21114203?
21114204
In base 2, what is -100001110101101110001 + -1000?
-100001110101101111001
In base 16, what is 9 + -7cda?
-7cd1
In base 6, what is -5 - -405421?
405412
In base 3, what is -22 - -10221?
10122
In base 2, what is 1000 + 100101111?
100110111
In base 13, what is -6 + 177c?
1776
In base 5, what is 103401200 - -4?
103401204
In base 6, what is -1312 - -225?
-1043
In base 15, what is -171 + 18?
-158
In base 4, what is -31202 + 330221?
233013
In base 6, what is 400144 + 5?
400153
In base 16, what is f9b2 + -5?
f9ad
In base 6, what is 11155 - 24?
11131
In base 11, what is -24 + 4773?
474a
In base 5, what is 20011 + -24424?
-4413
In base 10, what is -5925 + 59?
-5866
In base 6, what is -15220 + -10443?
-30103
In base 7, what is 424614 + -41?
424543
In base 11, what is -3 - 3338?
-3340
In base 2, what is -101 - -1000001011010000010?
1000001011001111101
In base 14, what is 52 - 3d2?
-380
In base 13, what is -b61a + 3?
-b617
In base 6, what is 44042 - -202?
44244
In base 6, what is 14412021 - 4?
14412013
In base 5, what is 0 - 41131?
-41131
In base 10, what is -5 - 374064?
-374069
In base 16, what is 20f0 + -1?
20ef
In base 9, what is 101 + -45722?
-45621
In base 6, what is -2553 + 31?
-2522
In base 11, what is 15 + 52269?
52283
In base 9, what is -127 + -613?
-741
In base 16, what is -20c + 91?
-17b
In base 3, what is -10 - -200001110?
200001100
In base 10, what is 1044 - -405?
1449
In base 13, what is -41 + 5973?
5932
In base 8, what is 32 - 15614?
-15562
In base 11, what is -20a27 + -25?
-20a51
In base 14, what is 461 + -6a?
3d5
In base 8, what is 170640 - -4?
170644
In base 7, what is -13332 - 6?
-13341
In base 13, what is -36 - -4ac?
476
In base 2, what is 10000001 - -101?
10000110
In base 13, what is -2867 + 2?
-2865
In base 9, what is -675 - 6705?
-7481
In base 14, what is bc8 + 4?
bcc
In base 16, what is a0 - -d38?
dd8
In base 6, what is -111400 - -1?
-111355
In base 14, what is -4 + -84008?
-8400c
In base 15, what is -1 - 1817?
-1818
In base 3, what is -1012111011 + 0?
-1012111011
In base 10, what is -111709 - 4?
-111713
In base 16, what is -2c859 - -7?
-2c852
In base 12, what is -1 + -334117?
-334118
In base 6, what is -3445 - 10?
-3455
In base 11, what is 2739 + 26?
2764
In base 9, what is -3 + -36646?
-36650
In base 14, what is -4b0c0 + -8?
-4b0c8
In base 4, what is 10 - -3303102?
3303112
In base 2, what is -10000 - 11000110100?
-11001000100
In base 7, what is -444 + -1306?
-2053
In base 13, what is 5 - -15987?
1598c
In base 5, what is -111 - -4214?
4103
In base 7, what is 2 - 150?
-145
In base 6, what is -12 - 32242?
-32254
In base 5, what is -13023 - 30?
-13103
In base 9, what is -112 - 54832?
-55044
In base 11, what is -10 + 3a65?
3a55
In base 15, what is 45c60 + -4?
45c5b
In base 6, what is -5 - 320014?
-320023
In base 15, what is -12a - 6d?
-198
In base 5, what is -1 - 11233222?
-11233223
In base 9, what is -37 - -386?
348
In base 9, what is 1187 - 1435?
-237
In base 15, what is ddb + 116?
1002
In base 5, what is 2 - 1020333?
-1020331
In base 7, what is -146 + 1131?
652
In base 15, what is 164161 + 0?
164161
In base 4, what is 11 - 1131212?
-1131201
In base 4, what is 20200 - 230?
13310
In base 2, what is 10101101 - -111111110?
1010101011
In base 14, what is -5 - -1426?
1421
In base 12, what is -2124b6 - 4?
-2124ba
In base 8, what is 10113 - 16?
10075
In base 11, what is -5 + -2203?
-2208
In base 11, what is 79 + 1005?
1083
In base 11, what is 582 - -4273?
4845
In base 4, what is -1212230 - 101?
-1212331
In base 3, what is -1100 + -1112200?
-1121000
In base 10, what is 5 - -32925?
32930
In base 15, what is 4d35 + 2?
4d37
In base 8, what is -576 + 76?
-500
In base 4, what is -2 + -13323232?
-13323300
In base 3, what is -12 + -20211011121?
-20211011210
In base 14, what is dd6b + 24?
dd91
In base 12, what is 3 + 8a241?
8a244
In base 7, what is 2165040 + 1?
2165041
In base 16, what is -5 + -33a0?
-33a5
In base 7, what is 34040 + 14?
34054
In base 6, what is 430 + 111424?
112254
In base 2, what is 11 - 100001111000101001?
-100001111000100110
In base 7, what is 5342 + 1461?
10133
In base 14, what is -13 - d525?
-d538
In base 9, what is 166501 - -81?
166582
In base 14, what is 12b - -2a?
157
In base 5, what is -214121301 + 2?
-214121244
In base 12, what is -40b - -49?
-382
In base 14, what is 13db - 20?
13bb
In base 10, what is 34483 - 3?
34480
In base 14, what is 4 + 1541?
1545
In base 14, what is -8 - -69d?
695
In base 13, what is -38781 - 5?
-38786
In base 13, what is -1ccc53 + -2?
-1ccc55
In base 8, what is 0 + -71577?
-71577
In base 15, what is -10 - 1dba?
-1dca
In base 5, what is 13 - 120432?
-120414
In base 6, what is -1 + -145354?
-145355
In base 8, what is 0 + -7364?
-7364
In base 6, what is 10 + -10224223?
-10224213
In base 10, what is -704 + -186?
-890
In base 16, what is 12 - -12c8a?
12c9c
In base 8, what is 2667000 + -4?
2666774
In base 2, what is -111 + -100010101?
-100011100
In base 2, what is -1011 + 1111001100?
1111000001
In base 11, what is -79 + -8636?
-8704
In base 8, what is 12 + -10670?
-10656
In base 7, what is 24004 + -11?
23663
In base 12, what is -156a + -277?
-1825
In base 7, what is 1 + -23